?
23, 211
List the prime factors of 38413.
107, 359
What are the prime factors of 204?
2, 3, 17
List the prime factors of 26057.
71, 367
What are the prime factors of 8188?
2, 23, 89
List the prime factors of 1960.
2, 5, 7
List the prime factors of 292.
2, 73
What are the prime factors of 2235?
3, 5, 149
List the prime factors of 12887.
7, 263
What are the prime factors of 3008?
2, 47
What are the prime factors of 885?
3, 5, 59
List the prime factors of 3703.
7, 23
What are the prime factors of 6923?
7, 23, 43
What are the prime factors of 649?
11, 59
List the prime factors of 1144.
2, 11, 13
List the prime factors of 255.
3, 5, 17
What are the prime factors of 3505?
5, 701
What are the prime factors of 28667?
109, 263
List the prime factors of 60860.
2, 5, 17, 179
List the prime factors of 17356.
2, 4339
List the prime factors of 1249.
1249
What are the prime factors of 3548?
2, 887
What are the prime factors of 29384?
2, 3673
What are the prime factors of 178031?
7, 29, 877
What are the prime factors of 2692?
2, 673
List the prime factors of 979.
11, 89
What are the prime factors of 77620?
2, 5, 3881
List the prime factors of 2636.
2, 659
List the prime factors of 2339.
2339
What are the prime factors of 2981?
11, 271
List the prime factors of 91824.
2, 3, 1913
What are the prime factors of 61701?
3, 131, 157
List the prime factors of 108.
2, 3
What are the prime factors of 39?
3, 13
What are the prime factors of 12221?
11, 101
What are the prime factors of 94265?
5, 17, 1109
List the prime factors of 1224.
2, 3, 17
What are the prime factors of 1243?
11, 113
What are the prime factors of 53956?
2, 7, 41, 47
List the prime factors of 2071.
19, 109
List the prime factors of 5699.
41, 139
What are the prime factors of 6536?
2, 19, 43
What are the prime factors of 3167?
3167
What are the prime factors of 90?
2, 3, 5
List the prime factors of 3395.
5, 7, 97
What are the prime factors of 30136?
2, 3767
List the prime factors of 1635.
3, 5, 109
What are the prime factors of 30658?
2, 15329
List the prime factors of 1493.
1493
List the prime factors of 3168.
2, 3, 11
What are the prime factors of 25367?
25367
What are the prime factors of 1260?
2, 3, 5, 7
List the prime factors of 1016.
2, 127
List the prime factors of 40445.
5, 8089
What are the prime factors of 1078?
2, 7, 11
What are the prime factors of 16741?
16741
List the prime factors of 10326.
2, 3, 1721
What are the prime factors of 77346?
2, 3, 4297
What are the prime factors of 1957?
19, 103
What are the prime factors of 35837?
35837
List the prime factors of 4823.
7, 13, 53
List the prime factors of 9230.
2, 5, 13, 71
What are the prime factors of 1504?
2, 47
What are the prime factors of 351?
3, 13
List the prime factors of 1069.
1069
List the prime factors of 932.
2, 233
What are the prime factors of 3636?
2, 3, 101
List the prime factors of 42970.
2, 5, 4297
What are the prime factors of 622?
2, 311
List the prime factors of 3911.
3911
List the prime factors of 2085.
3, 5, 139
What are the prime factors of 52402?
2, 7, 19, 197
What are the prime factors of 11839?
11839
List the prime factors of 10385.
5, 31, 67
What are the prime factors of 3731?
7, 13, 41
List the prime factors of 1411.
17, 83
List the prime factors of 19571.
19571
List the prime factors of 96598.
2, 48299
List the prime factors of 58745.
5, 31, 379
List the prime factors of 1227.
3, 409
What are the prime factors of 93182?
2, 46591
List the prime factors of 112935.
3, 5, 7529
List the prime factors of 4597.
4597
List the prime factors of 3875.
5, 31
What are the prime factors of 29201?
29201
List the prime factors of 18334.
2, 89, 103
List the prime factors of 28037.
23, 53
What are the prime factors of 1996?
2, 499
What are the prime factors of 581?
7, 83
List the prime factors of 2770.
2, 5, 277
List the prime factors of 472.
2, 59
What are the prime factors of 50686?
2, 25343
List the prime factors of 6877.
13, 23
List the prime factors of 29573.
29573
List the prime factors of 8117.
8117
List the prime factors of 36544.
2, 571
What are the prime factors of 1960?
2, 5, 7
What are the prime factors of 4402?
2, 31, 71
What are the prime factors of 155?
5, 31
List the prime factors of 35625.
3, 5, 19
List the prime factors of 42054.
2, 3, 43, 163
List the prime factors of 194685.
3, 5, 12979
List the prime factors of 9808.
2, 613
List the prime factors of 4384.
2, 137
List the prime factors of 1739.
37, 47
What are the prime factors of 76?
2, 19
List the prime factors of 12214.
2, 31, 197
What are the prime factors of 4026?
2, 3, 11, 61
List the prime factors of 22456.
2, 7, 401
List the prime factors of 12252.
2, 3, 1021
List the prime factors of 69368.
2, 13, 23, 29
What are the prime factors of 39868?
2, 9967
What are the prime factors of 951?
3, 317
List the prime factors of 5819.
11, 23
List the prime factors of 59687.
17, 3511
List the prime factors of 323.
17, 19
What are the prime factors of 3278?
2, 11, 149
What are the prime factors of 4596?
2, 3, 383
What are the prime factors of 249?
3, 83
What are the prime factors of 1103?
1103
What are the prime factors of 818?
2, 409
List the prime factors of 713.
23, 31
List the prime factors of 21665.
5, 7, 619
List the prime factors of 688.
2, 43
What are the prime factors of 4903?
4903
What are the prime factors of 1716?
2, 3, 11, 13
What are the prime factors of 83?
83
What are the prime factors of 5329?
73
What are the prime factors of 10212?
2, 3, 23, 37
List the prime factors of 8182.
2, 4091
List the prime factors of 92247.
3, 97, 317
List the prime factors of 15802.
2, 7901
What are the prime factors of 22682?
2, 11, 1031
List the prime factors of 151.
151
What are the prime factors of 66635?
5, 13327
What are the prime factors of 3240?
2, 3, 5
List the prime factors of 776.
2, 97
List the prime factors of 840.
2, 3, 5, 7
List the prime factors of 1481.
1481
List the prime factors of 2733.
3, 911
What are the prime factors of 20665?
5, 4133
What are the prime factors of 90268?
2, 22567
What are the prime factors of 9697?
9697
List the prime factors of 13232.
2, 827
List the prime factors of 1477.
7, 211
List the prime factors of 11959.
11959
List the prime factors of 464.
2, 29
List the prime factors of 69044.
2, 41, 421
What are the prime factors of 9066?
2, 3, 1511
What are the prime factors of 599?
599
What are the prime factors of 13340?
2, 5, 23, 29
List the prime factors of 15983.
11, 1453
What are the prime factors of 3652?
2, 11, 83
What are the prime factors of 73160?
2, 5, 31, 59
What are the prime factors of 48490?
2, 5, 13, 373
List the prime factors of 4498.
2, 13, 173
List the prime factors of 2570.
2, 5, 257
List the prime factors of 270.
2, 3, 5
What are the prime factors of 112264?
2, 14033
What are the prime factors of 27898?
2, 13, 29, 37
What are the prime factors of 8841?
3, 7, 421
List the prime factors of 1458.
2, 3
What are the prime factors of 1721?
1721
List the prime factors of 326.
2, 163
What are the prime factors of 3494?
2, 1747
What are the prime factors of 891?
3, 11
What are the prime factors of 147990?
2, 3, 5, 4933
List the prime factors of 252.
2, 3, 7
What are the prime factors of 3180?
2, 3, 5, 53
List the prime factors of 138907.
17, 8171
List the prime factors of 795.
3, 5, 53
List the prime factors of 2164.
2, 541
What are the prime factors of 1197?
3, 7, 19
What are the prime factors of 75?
3, 5
What are the prime factors of 404?
2, 101
What are the prime factors of 29641?
29641
What are the prime factors of 4819?
61, 79
List the prime factors of 68249.
139, 491
List the prime factors of 81209.
17, 281
List the prime factors of 74459.
7, 11, 967
What are the prime factors of 86891?
7, 12413
List the prime factors of 2092.
2, 523
List the prime factors of 1158.
2, 3, 193
List the prime factors of 21472.
2, 11, 61
What are the prime factors of 14226?
2, 3, 2371
List the prime factors of 33040.
2, 5, 7, 59
What are the prime factors of 2558?
2, 1279
List the prime factors of 299.
13, 23
List the prime factors of 7964.
2, 11, 181
What are the prime factors of 655?
5, 131
List the prime factors of 407.
11, 37
List the prime factors of 342.
2, 3, 19
What are the prime factors of 12155?
5, 11, 13, 17
List the prime